364015?
3, 5, 11, 11050691
What are the prime factors of 62936145?
3, 5, 1398581
What are the prime factors of 75305726?
2, 23, 709, 2309
What are the prime factors of 263093128?
2, 1129, 29129
List the prime factors of 5205388.
2, 1301347
List the prime factors of 658315499.
23, 28622413
List the prime factors of 406382678.
2, 13, 19, 59, 73, 191
What are the prime factors of 30662758?
2, 7, 191, 11467
What are the prime factors of 190016176?
2, 7, 593, 2861
What are the prime factors of 29592006?
2, 3, 19, 29, 8951
What are the prime factors of 181658664?
2, 3, 11, 347, 661
What are the prime factors of 9428357713?
223, 42279631
What are the prime factors of 3682182018?
2, 3, 2837, 216319
List the prime factors of 182648674.
2, 13, 47, 137, 1091
What are the prime factors of 593500019?
7, 84785717
What are the prime factors of 2463544255?
5, 492708851
What are the prime factors of 88787456?
2, 19, 9127
List the prime factors of 216677996.
2, 107, 181, 2797
List the prime factors of 98078595.
3, 5, 6538573
List the prime factors of 185720242.
2, 37, 41, 1493
List the prime factors of 903662850.
2, 3, 5, 6024419
What are the prime factors of 206526446?
2, 7, 14751889
List the prime factors of 1229605393.
17, 6709, 10781
List the prime factors of 271267637.
271267637
What are the prime factors of 32350059?
3, 7, 107, 4799
List the prime factors of 34810017.
3, 11, 23, 45863
List the prime factors of 308539317.
3, 102846439
What are the prime factors of 56499666?
2, 3, 37, 307, 829
List the prime factors of 241032182.
2, 120516091
List the prime factors of 724984883.
7, 103569269
List the prime factors of 48307148.
2, 12076787
What are the prime factors of 3838803000?
2, 3, 5, 1279601
What are the prime factors of 67878393?
3, 11, 19, 73, 1483
What are the prime factors of 34352580?
2, 3, 5, 17, 33679
What are the prime factors of 7485109?
409, 18301
What are the prime factors of 5231165538?
2, 3, 19, 2789, 16453
What are the prime factors of 1052229666?
2, 3, 103, 1702637
What are the prime factors of 40517844?
2, 3, 3376487
What are the prime factors of 807204663?
3, 29896469
What are the prime factors of 549908983?
13, 43, 983737
List the prime factors of 34981348.
2, 47, 186071
List the prime factors of 37711194.
2, 3, 29, 216731
What are the prime factors of 84350225?
5, 31, 127, 857
List the prime factors of 337022685.
3, 5, 7489393
What are the prime factors of 76565911?
76565911
What are the prime factors of 242394247?
12107, 20021
List the prime factors of 1575001191.
3, 16763, 31319
List the prime factors of 264985786.
2, 13, 37, 275453
List the prime factors of 430256671.
13, 73, 453379
List the prime factors of 4011340.
2, 5, 167, 1201
What are the prime factors of 231797297?
79, 2934143
List the prime factors of 247937445.
3, 5, 7, 53, 14851
What are the prime factors of 4361277026?
2, 1531, 1424323
List the prime factors of 63794079.
3, 7088231
List the prime factors of 440757434.
2, 13, 53, 317, 1009
List the prime factors of 63849727.
67, 952981
List the prime factors of 2900298213.
3, 4423, 72859
What are the prime factors of 188290448?
2, 11768153
What are the prime factors of 2568377?
7, 17, 113, 191
List the prime factors of 2544177051.
3, 13, 89, 263, 929
What are the prime factors of 644085292?
2, 161021323
What are the prime factors of 826525616?
2, 7, 557, 13249
What are the prime factors of 7643697119?
7643697119
List the prime factors of 1064745332.
2, 7, 19, 47, 97, 439
What are the prime factors of 77493608?
2, 41, 236261
List the prime factors of 5290415711.
7, 755773673
What are the prime factors of 19696856?
2, 139, 17713
What are the prime factors of 508065988?
2, 127016497
List the prime factors of 21954110.
2, 5, 2195411
What are the prime factors of 1729079230?
2, 5, 19, 9100417
What are the prime factors of 3286775?
5, 31, 4241
What are the prime factors of 238490623?
7, 83, 601, 683
What are the prime factors of 2239840030?
2, 5, 223984003
List the prime factors of 468831106.
2, 234415553
List the prime factors of 409328223.
3, 43, 419, 7573
List the prime factors of 418441020.
2, 3, 5, 6974017
What are the prime factors of 65250833?
97, 113, 5953
List the prime factors of 16572563.
7, 2367509
List the prime factors of 41428246.
2, 19, 1090217
What are the prime factors of 952346862?
2, 3, 17636053
List the prime factors of 307134307.
10169, 30203
What are the prime factors of 405598421?
223, 241, 7547
List the prime factors of 14709782.
2, 7354891
What are the prime factors of 249476468?
2, 31, 2011907
What are the prime factors of 2368953027?
3, 7, 12534143
What are the prime factors of 4976685?
3, 5, 7, 37, 61
List the prime factors of 6451728.
2, 3, 257, 523
List the prime factors of 2107761326.
2, 11, 1811, 52903
List the prime factors of 59583196.
2, 14895799
List the prime factors of 56241716.
2, 23, 611323
What are the prime factors of 2304530787?
3, 13, 2671, 22123
List the prime factors of 51422844.
2, 3, 11, 389567
List the prime factors of 165928727.
1051, 157877
List the prime factors of 13048442.
2, 11, 593111
List the prime factors of 458208898.
2, 7, 23, 113, 257
List the prime factors of 75155769.
3, 13, 37, 643
List the prime factors of 541370901.
3, 127, 1420921
What are the prime factors of 291570511?
1289, 226199
List the prime factors of 9450024085.
5, 1890004817
What are the prime factors of 547009042?
2, 273504521
What are the prime factors of 20620154?
2, 10310077
What are the prime factors of 2060630662?
2, 1030315331
List the prime factors of 422407385.
5, 401, 457, 461
List the prime factors of 2870256088.
2, 7, 1163, 44071
What are the prime factors of 201237893?
43, 4679951
What are the prime factors of 2090904?
2, 3, 87121
What are the prime factors of 1565671024?
2, 29, 3374291
What are the prime factors of 84951719?
23, 197, 18749
What are the prime factors of 11348974?
2, 7, 13, 127, 491
What are the prime factors of 179318845?
5, 2677, 13397
List the prime factors of 4343961241.
19, 228629539
List the prime factors of 1133155293.
3, 377718431
What are the prime factors of 286855756?
2, 11, 17, 101, 3797
What are the prime factors of 2460682664?
2, 11, 1949, 14347
What are the prime factors of 118433290?
2, 5, 11843329
List the prime factors of 157905610.
2, 5, 241, 65521
What are the prime factors of 271993193?
23, 11825791
What are the prime factors of 4027867596?
2, 3, 17, 6581483
What are the prime factors of 66244526?
2, 19, 29, 47, 1279
What are the prime factors of 7079479074?
2, 3, 23, 61, 197, 1423
List the prime factors of 404385911.
19, 41, 79, 6571
List the prime factors of 1150545134.
2, 271, 2122777
What are the prime factors of 3327513085?
5, 13, 51192509
What are the prime factors of 133079164?
2, 181, 397, 463
What are the prime factors of 263877601?
13, 20298277
List the prime factors of 188119305.
3, 5, 11, 34549
What are the prime factors of 153762855?
3, 5, 10250857
List the prime factors of 792713322.
2, 3, 44039629
List the prime factors of 1064131390.
2, 5, 7, 3881, 3917
List the prime factors of 50372599.
23, 419, 5227
What are the prime factors of 63821632?
2, 7, 43, 3313
What are the prime factors of 335668084?
2, 137, 211, 2903
List the prime factors of 108357161.
11, 157, 62743
What are the prime factors of 13616382?
2, 3, 13, 174569
What are the prime factors of 21635204?
2, 5408801
List the prime factors of 681472707.
3, 227157569
List the prime factors of 244628554.
2, 122314277
What are the prime factors of 1469758230?
2, 3, 5, 67, 113, 719
List the prime factors of 630300372.
2, 3, 13, 23, 13513
List the prime factors of 32684303.
32684303
What are the prime factors of 250637925?
3, 5, 3341839
List the prime factors of 1101541049.
7, 157363007
What are the prime factors of 172651215?
3, 5, 11, 1046371
What are the prime factors of 149406966?
2, 3, 97, 85571
List the prime factors of 106757740.
2, 5, 271, 19697
What are the prime factors of 1524573352?
2, 239, 719, 1109
List the prime factors of 53861183.
53861183
List the prime factors of 122738063.
7, 29, 20849
What are the prime factors of 2102585625?
3, 5, 7, 67, 797
List the prime factors of 508465272.
2, 3, 7, 41, 73819
What are the prime factors of 15763241?
13, 43, 163, 173
List t